{"id":11674,"date":"2022-02-22T21:41:03","date_gmt":"2022-02-22T21:41:03","guid":{"rendered":"https:\/\/www.centrosocialdesardoura.com\/wp\/?page_id=11674"},"modified":"2024-12-05T10:22:48","modified_gmt":"2024-12-05T10:22:48","slug":"programas-e-orcamentos","status":"publish","type":"page","link":"https:\/\/www.centrosocialdesardoura.com\/wp\/apresentacao\/programas-e-orcamentos\/","title":{"rendered":"Programas de A\u00e7\u00e3o e Or\u00e7amentos"},"content":{"rendered":"<p><img loading=\"lazy\" decoding=\"async\" class=\"alignnone wp-image-1443 size-full\" src=\"https:\/\/www.centrosocialdesardoura.com\/wp\/wp-content\/uploads\/CSSMS-Site-3-e1645565455297.png\" alt=\"\" width=\"222\" height=\"78\" \/><\/p>\n<h1>\n<span style=\"color: #008000; font-size: 24pt;\">Programas de A\u00e7\u00e3o e Or\u00e7amentos<\/span><\/h1>\n<h2><span style=\"font-size: 24pt;\">2020<\/span><\/h2>\n<h2><strong><span style=\"color: #000080;\">Programa de A\u00e7\u00e3o e Or\u00e7amento &#8211; Ano 2020 <\/span> \u00a0<\/strong><\/h2>\n<p><span style=\"color: #008000;\"><a style=\"color: #008000;\" href=\"https:\/\/www.centrosocialdesardoura.com\/wp\/wp-content\/uploads\/2020\/06\/Plano-de-a\u00e7\u00e3o-2020-1.pdf\" target=\"_blank\" rel=\"noopener noreferrer\"><strong>Parte 1<\/strong><\/a><strong>\u00a0<\/strong> \u00a0 <strong><a style=\"color: #008000;\" href=\"https:\/\/www.centrosocialdesardoura.com\/wp\/wp-content\/uploads\/2020\/06\/Plano-de-a\u00e7\u00e3o-2020-2.pdf\" target=\"_blank\" rel=\"noopener noreferrer\">Parte 2<\/a><\/strong><\/span><\/p>\n<h2><span style=\"font-size: 24pt;\">2021<\/span><\/h2>\n<h2><a href=\"https:\/\/www.centrosocialdesardoura.com\/wp\/wp-content\/uploads\/2022\/02\/Programa-de-Acao-e-Orcamento-2021.pdf\" target=\"_blank\" rel=\"noopener\"><strong><span style=\"color: #000080;\">Programa de A\u00e7\u00e3o e Or\u00e7amento &#8211; Ano<\/span><\/strong><strong><span style=\"color: #000080;\"> 2021<\/span><\/strong><\/a><\/h2>\n<h2><span style=\"font-size: 24pt;\">2022<\/span><\/h2>\n<h2><a href=\"https:\/\/www.centrosocialdesardoura.com\/wp\/wp-content\/uploads\/2022\/02\/Programa-de-Acao-e-Orcamento-2022.pdf\" target=\"_blank\" rel=\"noopener\"><strong><span style=\"color: #000080;\">Programa de A\u00e7\u00e3o e Or\u00e7amento &#8211; Ano 2022<\/span><\/strong><\/a><\/h2>\n<h2><span style=\"font-size: 24pt;\">2023<\/span><\/h2>\n<h2><strong><span style=\"color: #000080;\">Programa de A\u00e7\u00e3o e Or\u00e7amento &#8211; Ano 2023<\/span><\/strong><\/h2>\n<p><span style=\"color: #008000;\"><a style=\"color: #008000;\" href=\"https:\/\/www.centrosocialdesardoura.com\/wp\/wp-content\/uploads\/2022\/12\/Programa-de-Acao-e-Orcamento-2023-Parte-1.pdf\" target=\"_blank\" rel=\"noopener noreferrer\"><strong>Parte 1<\/strong><\/a><strong>\u00a0<\/strong> \u00a0 <strong><a style=\"color: #008000;\" href=\"https:\/\/www.centrosocialdesardoura.com\/wp\/wp-content\/uploads\/2022\/12\/Programa-de-Acao-e-Orcamento-2023-Parte-2.pdf\" target=\"_blank\" rel=\"noopener noreferrer\">Parte 2<\/a><\/strong><\/span><\/p>\n<h2><span style=\"font-size: 24pt;\">2024<\/span><\/h2>\n<h2><a href=\"https:\/\/www.centrosocialdesardoura.com\/wp\/wp-content\/uploads\/2024\/01\/Orcamento-2024_compressed.pdf\" target=\"_blank\" rel=\"noopener\"><strong><span style=\"color: #000080;\">Programa de A\u00e7\u00e3o e Or\u00e7amento &#8211; Ano 2024<\/span><\/strong><\/a><\/h2>\n<h2><span style=\"font-size: 24pt;\">2025<\/span><\/h2>\n<h2><a href=\"https:\/\/www.centrosocialdesardoura.com\/wp\/wp-content\/uploads\/2024\/12\/Programa-de-Acao-Orcamento_2025_compressed.pdf\" target=\"_blank\" rel=\"noopener\"><strong><span style=\"color: #000080;\">Programa de A\u00e7\u00e3o e Or\u00e7amento &#8211; Ano 2025<\/span><\/strong><\/a><\/h2>\n","protected":false},"excerpt":{"rendered":"<p>Programas de A\u00e7\u00e3o e Or\u00e7amentos 2020 Programa de A\u00e7\u00e3o e Or\u00e7amento &#8211; Ano 2020 \u00a0 Parte 1\u00a0 \u00a0 Parte 2 2021 Programa de A\u00e7\u00e3o e Or\u00e7amento &#8211; Ano 2021 2022 Programa de A\u00e7\u00e3o e Or\u00e7amento &#8211; Ano 2022 2023 Programa de A\u00e7\u00e3o e Or\u00e7amento &#8211; Ano 2023 Parte 1\u00a0 \u00a0 Parte 2 2024 Programa de [&hellip;]<\/p>\n","protected":false},"author":2,"featured_media":0,"parent":8,"menu_order":6,"comment_status":"closed","ping_status":"closed","template":"side-navigation.php","meta":{"footnotes":""},"class_list":["post-11674","page","type-page","status-publish","hentry"],"_links":{"self":[{"href":"https:\/\/www.centrosocialdesardoura.com\/wp\/wp-json\/wp\/v2\/pages\/11674","targetHints":{"allow":["GET"]}}],"collection":[{"href":"https:\/\/www.centrosocialdesardoura.com\/wp\/wp-json\/wp\/v2\/pages"}],"about":[{"href":"https:\/\/www.centrosocialdesardoura.com\/wp\/wp-json\/wp\/v2\/types\/page"}],"author":[{"embeddable":true,"href":"https:\/\/www.centrosocialdesardoura.com\/wp\/wp-json\/wp\/v2\/users\/2"}],"replies":[{"embeddable":true,"href":"https:\/\/www.centrosocialdesardoura.com\/wp\/wp-json\/wp\/v2\/comments?post=11674"}],"version-history":[{"count":9,"href":"https:\/\/www.centrosocialdesardoura.com\/wp\/wp-json\/wp\/v2\/pages\/11674\/revisions"}],"predecessor-version":[{"id":12451,"href":"https:\/\/www.centrosocialdesardoura.com\/wp\/wp-json\/wp\/v2\/pages\/11674\/revisions\/12451"}],"up":[{"embeddable":true,"href":"https:\/\/www.centrosocialdesardoura.com\/wp\/wp-json\/wp\/v2\/pages\/8"}],"wp:attachment":[{"href":"https:\/\/www.centrosocialdesardoura.com\/wp\/wp-json\/wp\/v2\/media?parent=11674"}],"curies":[{"name":"wp","href":"https:\/\/api.w.org\/{rel}","templated":true}]}}

Programas de Ação e Orçamentos

<p><img loading="lazy" decoding="async" class="alignnone wp-image-1443 size-full" src="https://www.centrosocialdesardoura.com/wp/wp-content/uploads/CSSMS-Site-3-e1645565455297.png" alt="" width="222" height="78" /></p>
<h1>
<span style="color: #008000; font-size: 24pt;">Programas de Ação e Orçamentos</span></h1>
<h2><span style="font-size: 24pt;">2020</span></h2>
<h2><strong><span style="color: #000080;">Programa de Ação e Orçamento &#8211; Ano 2020 </span>  </strong></h2>
<p><span style="color: #008000;"><a style="color: #008000;" href="https://www.centrosocialdesardoura.com/wp/wp-content/uploads/2020/06/Plano-de-ação-2020-1.pdf" target="_blank" rel="noopener noreferrer"><strong>Parte 1</strong></a><strong> </strong>   <strong><a style="color: #008000;" href="https://www.centrosocialdesardoura.com/wp/wp-content/uploads/2020/06/Plano-de-ação-2020-2.pdf" target="_blank" rel="noopener noreferrer">Parte 2</a></strong></span></p>
<h2><span style="font-size: 24pt;">2021</span></h2>
<h2><a href="https://www.centrosocialdesardoura.com/wp/wp-content/uploads/2022/02/Programa-de-Acao-e-Orcamento-2021.pdf" target="_blank" rel="noopener"><strong><span style="color: #000080;">Programa de Ação e Orçamento &#8211; Ano</span></strong><strong><span style="color: #000080;"> 2021</span></strong></a></h2>
<h2><span style="font-size: 24pt;">2022</span></h2>
<h2><a href="https://www.centrosocialdesardoura.com/wp/wp-content/uploads/2022/02/Programa-de-Acao-e-Orcamento-2022.pdf" target="_blank" rel="noopener"><strong><span style="color: #000080;">Programa de Ação e Orçamento &#8211; Ano 2022</span></strong></a></h2>
<h2><span style="font-size: 24pt;">2023</span></h2>
<h2><strong><span style="color: #000080;">Programa de Ação e Orçamento &#8211; Ano 2023</span></strong></h2>
<p><span style="color: #008000;"><a style="color: #008000;" href="https://www.centrosocialdesardoura.com/wp/wp-content/uploads/2022/12/Programa-de-Acao-e-Orcamento-2023-Parte-1.pdf" target="_blank" rel="noopener noreferrer"><strong>Parte 1</strong></a><strong> </strong>   <strong><a style="color: #008000;" href="https://www.centrosocialdesardoura.com/wp/wp-content/uploads/2022/12/Programa-de-Acao-e-Orcamento-2023-Parte-2.pdf" target="_blank" rel="noopener noreferrer">Parte 2</a></strong></span></p>
<h2><span style="font-size: 24pt;">2024</span></h2>
<h2><a href="https://www.centrosocialdesardoura.com/wp/wp-content/uploads/2024/01/Orcamento-2024_compressed.pdf" target="_blank" rel="noopener"><strong><span style="color: #000080;">Programa de Ação e Orçamento &#8211; Ano 2024</span></strong></a></h2>
<h2><span style="font-size: 24pt;">2025</span></h2>
<h2><a href="https://www.centrosocialdesardoura.com/wp/wp-content/uploads/2024/12/Programa-de-Acao-Orcamento_2025_compressed.pdf" target="_blank" rel="noopener"><strong><span style="color: #000080;">Programa de Ação e Orçamento &#8211; Ano 2025</span></strong></a></h2>

<p>Programas de Ação e Orçamentos 2020 Programa de Ação e Orçamento &#8211; Ano 2020   Parte 1    Parte 2 2021 Programa de Ação e Orçamento &#8211; Ano 2021 2022 Programa de Ação e Orçamento &#8211; Ano 2022 2023 Programa de Ação e Orçamento &#8211; Ano 2023 Parte 1    Parte 2 2024 Programa de [&hellip;]</p>
