{"id":1359,"date":"2019-05-15T15:31:26","date_gmt":"2019-05-15T15:31:26","guid":{"rendered":"http:\/\/www.centrosocialdesardoura.com\/wp\/?page_id=1359"},"modified":"2025-06-04T09:42:24","modified_gmt":"2025-06-04T08:42:24","slug":"relatorios-e-contas","status":"publish","type":"page","link":"https:\/\/www.centrosocialdesardoura.com\/wp\/apresentacao\/relatorios-e-contas\/","title":{"rendered":"Relat\u00f3rios de Gest\u00e3o e Contas"},"content":{"rendered":"<p><img loading=\"lazy\" decoding=\"async\" class=\"alignnone wp-image-1443 size-full\" src=\"https:\/\/www.centrosocialdesardoura.com\/wp\/wp-content\/uploads\/CSSMS-Site-3-e1645565455297.png\" alt=\"\" width=\"222\" height=\"78\" \/><\/p>\n<h1>\n<span style=\"color: #008000; font-size: 24pt;\">Relat\u00f3rios de Gest\u00e3o e Contas<\/span><\/h1>\n<h2><span style=\"font-size: 24pt;\">2017<\/span><\/h2>\n<h2><a href=\"https:\/\/www.centrosocialdesardoura.com\/wp\/wp-content\/uploads\/2022\/02\/Relatorio-de-Gestao-e-Contas-2017.pdf\" target=\"_blank\" rel=\"noopener\"><span style=\"color: #000080;\"><strong>Relat\u00f3rio de Gest\u00e3o e Contas -Ano 2017<\/strong><\/span><\/a><\/h2>\n<h2><span style=\"font-size: 24pt;\">2018<\/span><\/h2>\n<h2><a href=\"https:\/\/www.centrosocialdesardoura.com\/wp\/wp-content\/uploads\/2022\/02\/Relatorio-de-Gestao-e-Contas-2018.pdf\" target=\"_blank\" rel=\"noopener\"><span style=\"color: #000080;\"><strong>Relat\u00f3rio de Gest\u00e3o e Contas &#8211; Ano 2018<\/strong><\/span><\/a><\/h2>\n<h2><span style=\"font-size: 24pt;\">2019<\/span><\/h2>\n<h2><a href=\"https:\/\/www.centrosocialdesardoura.com\/wp\/wp-content\/uploads\/2020\/10\/Relatorio-e-gestao-de-contas-2019.pdf\" target=\"_blank\" rel=\"noopener\"><span style=\"color: #000080;\"><strong>Relat\u00f3rio de Gest\u00e3o e Contas &#8211; Ano 2019<\/strong><\/span><\/a><\/h2>\n<h2><span style=\"font-size: 24pt;\">2020<\/span><\/h2>\n<h2><a href=\"https:\/\/www.centrosocialdesardoura.com\/wp\/wp-content\/uploads\/2022\/02\/Relatorio-de-Gestao-e-Contas-2020.pdf\" target=\"_blank\" rel=\"noopener\"><span style=\"color: #000080;\"><strong>Relat\u00f3rio de Gest\u00e3o e Contas &#8211; Ano 2020<\/strong><\/span><\/a><\/h2>\n<h2><span style=\"font-size: 24pt;\">2021<\/span><\/h2>\n<h2><span style=\"color: #000080;\"><strong>Relat\u00f3rio de Gest\u00e3o e Contas &#8211; Ano 2021<\/strong><\/span><\/h2>\n<p><span style=\"color: #008000;\"><a style=\"color: #008000;\" href=\"https:\/\/www.centrosocialdesardoura.com\/wp\/wp-content\/uploads\/2022\/12\/Relatorio-de-Gestao-e-Contas-2021-Parte-1.pdf\" target=\"_blank\" rel=\"noopener noreferrer\"><strong>Parte 1<\/strong><\/a><strong>\u00a0<\/strong> \u00a0 <strong><a style=\"color: #008000;\" href=\"https:\/\/www.centrosocialdesardoura.com\/wp\/wp-content\/uploads\/2022\/12\/Relatorio-de-Gestao-e-Contas-2021-Parte-2.pdf\" target=\"_blank\" rel=\"noopener noreferrer\">Parte 2<\/a><\/strong><\/span><\/p>\n<h2><span style=\"font-size: 24pt;\">2022<\/span><\/h2>\n<h2><a href=\"https:\/\/www.centrosocialdesardoura.com\/wp\/wp-content\/uploads\/2023\/05\/Relatorio-de-contas-2022.pdf\" target=\"_blank\" rel=\"noopener\"><span style=\"color: #000080;\"><strong>Relat\u00f3rio de Gest\u00e3o e Contas &#8211; Ano 2022<\/strong><\/span><\/a><\/h2>\n<h2><span style=\"font-size: 24pt;\">2023<\/span><\/h2>\n<h2><span style=\"color: #000080;\"><strong>Relat\u00f3rio de Gest\u00e3o e Contas &#8211; Ano 2023<\/strong><\/span><\/h2>\n<p><span style=\"color: #008000;\"><a style=\"color: #008000;\" href=\"https:\/\/www.centrosocialdesardoura.com\/wp\/wp-content\/uploads\/2024\/06\/Relatorio-e-Gestao-de-Contas-2023.pdf\" target=\"_blank\" rel=\"noopener noreferrer\"><strong>Parte 1<\/strong><\/a><strong>\u00a0<\/strong> \u00a0 <strong><a style=\"color: #008000;\" href=\"https:\/\/www.centrosocialdesardoura.com\/wp\/wp-content\/uploads\/2024\/06\/Relatorio-e-Gestao-de-Contas-2023-Anexos.pdf\" target=\"_blank\" rel=\"noopener noreferrer\">Parte 2<\/a><\/strong><\/span><\/p>\n<h2><span style=\"font-size: 24pt;\">2024<\/span><\/h2>\n<h2><a href=\"https:\/\/www.centrosocialdesardoura.com\/wp\/wp-content\/uploads\/2025\/06\/Relatorio-Contas-2024.pdf\" target=\"_blank\" rel=\"noopener\"><span style=\"color: #000080;\"><strong>Relat\u00f3rio de Gest\u00e3o e Contas &#8211; Ano 2024<\/strong><\/span><\/a><\/h2>\n","protected":false},"excerpt":{"rendered":"<p>Relat\u00f3rios de Gest\u00e3o e Contas 2017 Relat\u00f3rio de Gest\u00e3o e Contas -Ano 2017 2018 Relat\u00f3rio de Gest\u00e3o e Contas &#8211; Ano 2018 2019 Relat\u00f3rio de Gest\u00e3o e Contas &#8211; Ano 2019 2020 Relat\u00f3rio de Gest\u00e3o e Contas &#8211; Ano 2020 2021 Relat\u00f3rio de Gest\u00e3o e Contas &#8211; Ano 2021 Parte 1\u00a0 \u00a0 Parte 2 2022 [&hellip;]<\/p>\n","protected":false},"author":1,"featured_media":0,"parent":8,"menu_order":5,"comment_status":"closed","ping_status":"closed","template":"side-navigation.php","meta":{"footnotes":""},"class_list":["post-1359","page","type-page","status-publish","hentry"],"_links":{"self":[{"href":"https:\/\/www.centrosocialdesardoura.com\/wp\/wp-json\/wp\/v2\/pages\/1359","targetHints":{"allow":["GET"]}}],"collection":[{"href":"https:\/\/www.centrosocialdesardoura.com\/wp\/wp-json\/wp\/v2\/pages"}],"about":[{"href":"https:\/\/www.centrosocialdesardoura.com\/wp\/wp-json\/wp\/v2\/types\/page"}],"author":[{"embeddable":true,"href":"https:\/\/www.centrosocialdesardoura.com\/wp\/wp-json\/wp\/v2\/users\/1"}],"replies":[{"embeddable":true,"href":"https:\/\/www.centrosocialdesardoura.com\/wp\/wp-json\/wp\/v2\/comments?post=1359"}],"version-history":[{"count":25,"href":"https:\/\/www.centrosocialdesardoura.com\/wp\/wp-json\/wp\/v2\/pages\/1359\/revisions"}],"predecessor-version":[{"id":12634,"href":"https:\/\/www.centrosocialdesardoura.com\/wp\/wp-json\/wp\/v2\/pages\/1359\/revisions\/12634"}],"up":[{"embeddable":true,"href":"https:\/\/www.centrosocialdesardoura.com\/wp\/wp-json\/wp\/v2\/pages\/8"}],"wp:attachment":[{"href":"https:\/\/www.centrosocialdesardoura.com\/wp\/wp-json\/wp\/v2\/media?parent=1359"}],"curies":[{"name":"wp","href":"https:\/\/api.w.org\/{rel}","templated":true}]}}

Relatórios de Gestão e Contas

<p><img loading="lazy" decoding="async" class="alignnone wp-image-1443 size-full" src="https://www.centrosocialdesardoura.com/wp/wp-content/uploads/CSSMS-Site-3-e1645565455297.png" alt="" width="222" height="78" /></p>
<h1>
<span style="color: #008000; font-size: 24pt;">Relatórios de Gestão e Contas</span></h1>
<h2><span style="font-size: 24pt;">2017</span></h2>
<h2><a href="https://www.centrosocialdesardoura.com/wp/wp-content/uploads/2022/02/Relatorio-de-Gestao-e-Contas-2017.pdf" target="_blank" rel="noopener"><span style="color: #000080;"><strong>Relatório de Gestão e Contas -Ano 2017</strong></span></a></h2>
<h2><span style="font-size: 24pt;">2018</span></h2>
<h2><a href="https://www.centrosocialdesardoura.com/wp/wp-content/uploads/2022/02/Relatorio-de-Gestao-e-Contas-2018.pdf" target="_blank" rel="noopener"><span style="color: #000080;"><strong>Relatório de Gestão e Contas &#8211; Ano 2018</strong></span></a></h2>
<h2><span style="font-size: 24pt;">2019</span></h2>
<h2><a href="https://www.centrosocialdesardoura.com/wp/wp-content/uploads/2020/10/Relatorio-e-gestao-de-contas-2019.pdf" target="_blank" rel="noopener"><span style="color: #000080;"><strong>Relatório de Gestão e Contas &#8211; Ano 2019</strong></span></a></h2>
<h2><span style="font-size: 24pt;">2020</span></h2>
<h2><a href="https://www.centrosocialdesardoura.com/wp/wp-content/uploads/2022/02/Relatorio-de-Gestao-e-Contas-2020.pdf" target="_blank" rel="noopener"><span style="color: #000080;"><strong>Relatório de Gestão e Contas &#8211; Ano 2020</strong></span></a></h2>
<h2><span style="font-size: 24pt;">2021</span></h2>
<h2><span style="color: #000080;"><strong>Relatório de Gestão e Contas &#8211; Ano 2021</strong></span></h2>
<p><span style="color: #008000;"><a style="color: #008000;" href="https://www.centrosocialdesardoura.com/wp/wp-content/uploads/2022/12/Relatorio-de-Gestao-e-Contas-2021-Parte-1.pdf" target="_blank" rel="noopener noreferrer"><strong>Parte 1</strong></a><strong> </strong>   <strong><a style="color: #008000;" href="https://www.centrosocialdesardoura.com/wp/wp-content/uploads/2022/12/Relatorio-de-Gestao-e-Contas-2021-Parte-2.pdf" target="_blank" rel="noopener noreferrer">Parte 2</a></strong></span></p>
<h2><span style="font-size: 24pt;">2022</span></h2>
<h2><a href="https://www.centrosocialdesardoura.com/wp/wp-content/uploads/2023/05/Relatorio-de-contas-2022.pdf" target="_blank" rel="noopener"><span style="color: #000080;"><strong>Relatório de Gestão e Contas &#8211; Ano 2022</strong></span></a></h2>
<h2><span style="font-size: 24pt;">2023</span></h2>
<h2><span style="color: #000080;"><strong>Relatório de Gestão e Contas &#8211; Ano 2023</strong></span></h2>
<p><span style="color: #008000;"><a style="color: #008000;" href="https://www.centrosocialdesardoura.com/wp/wp-content/uploads/2024/06/Relatorio-e-Gestao-de-Contas-2023.pdf" target="_blank" rel="noopener noreferrer"><strong>Parte 1</strong></a><strong> </strong>   <strong><a style="color: #008000;" href="https://www.centrosocialdesardoura.com/wp/wp-content/uploads/2024/06/Relatorio-e-Gestao-de-Contas-2023-Anexos.pdf" target="_blank" rel="noopener noreferrer">Parte 2</a></strong></span></p>
<h2><span style="font-size: 24pt;">2024</span></h2>
<h2><a href="https://www.centrosocialdesardoura.com/wp/wp-content/uploads/2025/06/Relatorio-Contas-2024.pdf" target="_blank" rel="noopener"><span style="color: #000080;"><strong>Relatório de Gestão e Contas &#8211; Ano 2024</strong></span></a></h2>

<p>Relatórios de Gestão e Contas 2017 Relatório de Gestão e Contas -Ano 2017 2018 Relatório de Gestão e Contas &#8211; Ano 2018 2019 Relatório de Gestão e Contas &#8211; Ano 2019 2020 Relatório de Gestão e Contas &#8211; Ano 2020 2021 Relatório de Gestão e Contas &#8211; Ano 2021 Parte 1    Parte 2 2022 [&hellip;]</p>
